 -972. Let g = 1700 - t. What is the units digit of g?
7
What is the thousands digit of 231987/6*((-9)/((-63)/4) + 0)?
2
Suppose y - 10 = -3*s, -3*s - y + 13 = s. Suppose -s*p + r - 2*r - 9 = 0, 0 = 4*r + 12. What is the units digit of (2/(-3))/(p/(-9)*-3)?
1
Suppose -2*q - 2*q = 2*v - 18, -5*q = -2*v - 18. Suppose o + 3*i - 61 = 0, 10 + 2 = -q*i. What is the units digit of o?
0
Let v(x) be the second derivative of -x**7/840 + 83*x**4/12 + 3*x**3/2 + 4*x. Let w(t) be the second derivative of v(t). What is the tens digit of w(0)?
6
Let p = -1600 + 4084. What is the thousands digit of p?
2
Let u = -4814 - -10223. What is the units digit of u?
9
Suppose 1080 = -0*f - 10*f. Let i = f + 278. Let g = i - 94. What is the units digit of g?
6
What is the thousands digit of ((-274)/(-1781))/(2/55978)?
4
Suppose -4*i + 4*b + 312 = 0, 2*i + 4*b - 227 = -i. Suppose 13 = 5*c - i. What is the tens digit of 6/((c/16)/3)?
1
Let w(k) = k**2 - 17*k - 29. Let y be w(20). Suppose 6*n + y + 107 = 0. What is the tens digit of (161/42)/n + (-421)/(-6)?
7
Suppose 2*o + 4*z = 212, 2*o + 5*z + 1 = 213. Let v = 111 - o. Suppose v*q = 1729 - 559. What is the tens digit of q?
3
Suppose 12 = -4*o + o, 5*o + 43625 = 5*c. What is the units digit of c?
1
What is the thousands digit of 12 + 2 + 6 + 15527?
5
Let g = 127 - 121. What is the hundreds digit of ((-366)/(-5))/(g/30)?
3
Let d(p) = -p**3 + 3*p**2 + 2*p + 9. Let g be d(4). What is the hundreds digit of 27/9 - (-406 - (2 - g))?
4
Suppose 0 = 34*l - 259132 - 386970. What is the units digit of l?
3
Suppose -2*q = -4*t + 3074 - 318, 3*q = 3*t - 2067. What is the tens digit of t?
8
What is the ten thousands digit of (-12)/4 + 15574/(-39)*-57?
2
Let f = 303 + -293. Suppose 26 = 3*h + f*h. What is the units digit of h?
2
Suppose 7*j - 146 - 22 = 0. Suppose -9*c = -5*c + o + j, 12 = -3*o. What is the units digit of 261 - (c/(-2) - 1)*2?
8
What is the tens digit of 2577/(-12)*(-29 - 7)?
3
Let b = -37 + 55. Let o = 18 - b. Suppose 4*f = -5*i + 7*f + 839, o = 4*i + f - 661. What is the tens digit of i?
6
Let n = 59 - 54. Let j be n/10 - (-21)/6. What is the units digit of (-5150)/(-90) - j/18?
7
Let y(j) = -10*j - 7. Let v be y(-3). Suppose 0 = -z + 5*w - 0*w + v, 0 = -3*z - 4*w - 7. Suppose z*n = 81 + 66. What is the units digit of n?
9
Let d(w) = -4*w**2 - 8*w + 60. Let y be d(-22). Let s = -483 - y. What is the tens digit of s?
1
What is the tens digit of (-4)/(-5 - -12 - (-68037)/(-9719)*1)?
1
Suppose -34*q + 94531 = -59524 - 3059. What is the tens digit of q?
2
Let g(z) = -3*z - 5. Let a(o) = o + 2. Let q(d) = -5*a(d) - 2*g(d). Let x(j) = 8*j - 17. Let m(l) = -3*q(l) - x(l). What is the units digit of m(-5)?
2
Let a(t) = -t**3 + 8*t**2 + 21*t + 7. Let x be a(-2). Suppose 0 = -n - 3, n + 49 = 3*b - 2*b. Let k = b + x. What is the units digit of k?
1
Let i = -237 + 541. Suppose 0 = -3*m + 225 + 192. Let n = i - m. What is the hundreds digit of n?
1
Suppose -1649901 - 4229106 = -207*m. What is the ten thousands digit of m?
2
Suppose 0 = j + 7*s - 11*s - 2818, -s + 5654 = 2*j. What is the thousands digit of j?
2
Let o be (-18012)/(-28) - (-6)/(-21). Suppose 5*t - 3*t = -3*n + o, 3*t + 3*n = 969. What is the units digit of t?
6
Suppose 4*b + 233 = 3*z, -5*z + b + 345 = 3*b. Let t = z - 59. Suppose 6*k - 2*k - t = 0. What is the units digit of k?
3
Let g = 8 + -228. Let f be (1/2)/(g/56 - -4). What is the units digit of 12*6 + (4 - f)?
9
Suppose -3*x = 2*c - 8, 2 + 7 = 5*x - c. Suppose 3*t = 6, -2*y + 5*t = x*y - 362. Suppose b = -k + 134 - 38, 2*b + y = k. What is the units digit of k?
5
Let t(j) = -j**3 + 13*j**2 - 16*j + 48. Let l be t(12). Suppose l = -8*r - 509 + 6021. What is the units digit of r?
9
What is the tens digit of (41 - 41) + -79*554/(-2)?
8
Let v = 2941 - 1704. Suppose 4*i + 2*z - 1071 = v, 0 = -2*i - 2*z + 1156. What is the tens digit of i?
7
Suppose l + 2*l + 57 = 0. Let w = -15 - l. Suppose w*g + 312 = 9*g - s, -s + 66 = g. What is the units digit of g?
3
Let s(z) = 6*z - 30. Let l be s(16). Suppose -5*c - 69 = g, 5*c + l = 3*g - 7*g. What is the units digit of 4/c + 500/35?
4
Suppose 7*k - 25 = 3. Let f = k - -44. What is the units digit of f?
8
Let d = -4283 - -10859. What is the thousands digit of d?
6
Let d(y) = 68*y**2 - 4*y - 2. Let s be d(2). Suppose 1882 = 6*o + s. What is the tens digit of o?
7
Let q be (1104/(-40))/(4/30). Let a = q - -241. What is the units digit of a?
4
Suppose 15 = -4*u + z, 5*z + 21 = -u - 3*u. What is the units digit of 310/2 - ((-2)/2 - u)?
2
Let w(o) = 227*o**2 - 15*o - 70. What is the ten thousands digit of w(-13)?
3
Let q be (-6)/45 - 120770/(-150). What is the hundreds digit of q + (-10 + 3 - -3)?
8
Suppose -2*r + 4*f = -5*r + 757, f = -4*r + 1031. Suppose -3*x + r + 350 = 0. What is the tens digit of x?
0
Suppose 0*q - q = 4, 2*q - 122 = 5*i. What is the units digit of (-4 - i/8)*-448?
6
Let q = -139 - -145. Suppose -q*k + 18*k - 3276 = 0. What is the hundreds digit of k?
2
Let b(q) = q**2 - 19*q + 197. Suppose 3*j = -24*j. What is the hundreds digit of b(j)?
1
Let u be 1482/286 - 2/11. Suppose u*r - g = 2030, 5*r - 2*g + 3*g = 2020. Let a = r + -197. What is the units digit of a?
8
Let j(c) = 21*c**3 - c**2 - 6*c - 4. Let i(u) = u**3 - 1. Let a(y) = -4*i(y) - j(y). What is the tens digit of a(-2)?
0
Suppose -3*j - 46831 = 5*f, 3*f + 46833 = -3*j - 0*j. What is the hundreds digit of 1/(2*(-6)/j)?
3
Let o = 84 - 76. Suppose -o*x - 238 = -1806. What is the units digit of x?
6
Let z(j) = 261*j - 440. What is the tens digit of z(3)?
4
Suppose 5*j + 4*y - 800 - 115 = 0, -5*j + 915 = -5*y. Suppose 5*w - 13 = 27. Suppose w = -5*f + j. What is the units digit of f?
5
Suppose -18*p - 342784 = -50*p. What is the ten thousands digit of p?
1
Let v(i) = 5*i**3 + 5*i**2 + i - 21. Let g be v(3). Suppose n = g + 9. What is the units digit of n?
1
Suppose 0 = -6*q - q - 1981. Let v = q - -624. What is the hundreds digit of v?
3
Suppose 556*w + 7050530 + 432434 = 662*w. What is the thousands digit of w?
0
Let j(b) = 127*b + 6. Let s be j(9). Suppose l + s = 6*l + 4*o, -4*l + 911 = -5*o. Let q = -28 + l. What is the tens digit of q?
0
Suppose -20*p - 7796 + 122869 = -133527. What is the hundreds digit of p?
4
Let j(l) = 313*l**2 + 2*l - 1. Let o be j(-3). Suppose 0 = 3*x - 8*x + o. What is the units digit of x?
2
Let p be (-3 + 4)*3 - 8. Let x = p - 59. Let z = x + 79. What is the units digit of z?
5
Let u be ((-4)/(-16))/((-2)/(-40)). Let j(r) = -r**3 + r**2 + 12*r - 3. Let c be j(u). Let l = c + 103. What is the tens digit of l?
6
Suppose -f + x + 0 = -8, -f + 3*x + 12 = 0. Suppose -15 = -f*d + 5*d. Let u = 21 - d. What is the units digit of u?
6
Suppose -3*t = 5*s - 2*t + 3227, 5*s + 3217 = 4*t. Let n = s + 938. Suppose -48 = -3*f + 2*j + n, -5*f = -3*j - 567. What is the hundreds digit of f?
1
Suppose 15*a - 16*a + q = -13689, -4*q + 68409 = 5*a. What is the ten thousands digit of a?
1
Let y(f) = 15*f - 13. Let g(k) = k**2 + 17*k - 48. Let x be g(-20). What is the hundreds digit of y(x)?
1
Let r be (-5432)/(-12) + (2/(-6))/(-1). Suppose -g - 2*a = -0*a - 115, 4*g + a = r. What is the hundreds digit of g?
1
Let m(q) = q**2 + 13*q - 11. Let u be m(-16). Let f = u - 52. What is the units digit of (4/(-10))/(f/300)?
8
Suppose -50 = -f - 42, z - f = 47485. What is the hundreds digit of z?
4
Let p be (8/16 - 10/4)/1. What is the units digit of (42 + 235)/(p/(-2))?
7
Let y(c) = 482*c**2 + 50*c - 124. What is the ten thousands digit of y(7)?
2
Let i(r) = -54*r + 63. Let k(a) = 2*a + 2. Let g(s) = -2*i(s) + 6*k(s). What is the hundreds digit of g(6)?
6
Let u = -620 - -279. Let d = 902 + u. What is the hundreds digit of d?
5
Let j(c) = -2*c**3 - 20*c**2 - 22*c - 29. Let v be j(-9). What is the units digit of (v - (4 + 8)) + 567?
2
Let p(h) = -9*h + 8. Let n be p(2). What is the hundreds digit of (2142/(-10))/7*n?
3
Let h be (0/(-2) + -1)*(-174 + 169). Suppose h*p = -5*i + 2210, -4*i = -p - 2*p + 1326. What is the hundreds digit of p?
4
Let v(h) = 18*h**2 - 8*h + 2. Let p(r) = r**2 + 18*r + 36. Let j be p(-16). What is the tens digit of v(j)?
5
Let b(o) = o**3 + 9*o**2 + 14*o + 3. Let w be b(-7). Let r be (0/4)/(w - 5). Suppose -q + 5*d = -4*q + 261, q - 4*d - 70 = r. What is the units digit of 